or of 228 and 2128.
76
Calculate the greatest common factor of 198 and 5302.
22
What is the highest common divisor of 2415 and 7935?
345
Calculate the greatest common factor of 8 and 388.
4
Calculate the greatest common factor of 464 and 1740.
116
What is the highest common factor of 704 and 451?
11
Calculate the greatest common factor of 702 and 156.
78
What is the greatest common factor of 5 and 14015?
5
Calculate the highest common factor of 16 and 4.
4
What is the highest common divisor of 60 and 18?
6
What is the highest common divisor of 200 and 11350?
50
Calculate the greatest common divisor of 2997 and 81.
81
Calculate the highest common divisor of 520 and 640.
40
Calculate the highest common divisor of 170 and 10.
10
Calculate the greatest common factor of 822 and 6.
6
Calculate the highest common divisor of 900 and 20.
20
Calculate the greatest common divisor of 184 and 128.
8
Calculate the greatest common divisor of 88 and 8.
8
Calculate the highest common factor of 387 and 9.
9
Calculate the greatest common divisor of 92 and 5888.
92
What is the highest common factor of 63 and 45?
9
Calculate the greatest common divisor of 19623 and 93.
93
Calculate the greatest common divisor of 80 and 150.
10
What is the greatest common factor of 3 and 183?
3
Calculate the highest common divisor of 338 and 104.
26
Calculate the highest common factor of 994 and 639.
71
What is the greatest common divisor of 396 and 44?
44
What is the highest common factor of 37 and 1110?
37
What is the greatest common divisor of 152 and 342?
38
What is the greatest common divisor of 22 and 66?
22
Calculate the highest common factor of 91 and 4088.
7
Calculate the highest common factor of 12 and 462.
6
Calculate the highest common divisor of 12 and 2076.
12
What is the highest common divisor of 45 and 960?
15
Calculate the highest common factor of 114 and 3838.
38
What is the highest common divisor of 147 and 3?
3
What is the greatest common factor of 63 and 45?
9
Calculate the highest common factor of 225 and 18.
9
What is the highest common divisor of 99 and 11?
11
What is the highest common factor of 105 and 255?
15
What is the highest common divisor of 594 and 22?
22
What is the highest common factor of 1742 and 26?
26
Calculate the highest common divisor of 12 and 8820.
12
What is the greatest common factor of 72 and 45?
9
What is the greatest common factor of 18 and 1288?
2
What is the highest common divisor of 1470 and 70?
70
What is the highest common divisor of 182 and 130?
26
What is the greatest common divisor of 100287 and 9?
9
What is the highest common factor of 30 and 165?
15
What is the highest common factor of 15 and 12910?
5
Calculate the greatest common factor of 74 and 222.
74
Calculate the greatest common divisor of 147 and 105693.
147
Calculate the highest common factor of 36 and 10.
2
Calculate the greatest common divisor of 13815 and 30.
15
Calculate the highest common factor of 61 and 2501.
61
Calculate the greatest common factor of 904 and 7571.
113
Calculate the highest common divisor of 100 and 200.
100
What is the greatest common divisor of 2320 and 50?
10
What is the highest common divisor of 10680 and 120?
120
Calculate the greatest common factor of 828 and 5014.
46
What is the greatest common divisor of 71 and 73201?
71
Calculate the greatest common divisor of 27 and 39.
3
What is the greatest common factor of 187 and 204?
17
Calculate the greatest common divisor of 3136 and 147.
49
What is the highest common factor of 35003 and 34?
17
What is the greatest common factor of 2100 and 1?
1
What is the highest common factor of 80 and 5?
5
Calculate the greatest common factor of 3 and 16.
1
What is the greatest common factor of 134 and 335?
67
Calculate the highest common factor of 60 and 20.
20
What is the highest common divisor of 403 and 279?
31
Calculate the greatest common factor of 52 and 221.
13
What is the highest common divisor of 39 and 14131?
13
What is the greatest common factor of 27 and 297?
27
Calculate the highest common factor of 34453 and 131.
131
What is the highest common divisor of 5190 and 360?
30
Calculate the greatest common factor of 129 and 86.
43
Calculate the highest common divisor of 11894 and 190.
38
Calculate the highest common divisor of 11018 and 14.
14
Calculate the highest common divisor of 50 and 400.
50
What is the highest common factor of 76 and 27626?
38
Calculate the greatest common factor of 3393 and 117.
117
What is the greatest common divisor of 11424 and 24?
24
Calculate the highest common factor of 3939 and 39.
39
What is the highest common divisor of 236 and 4?
4
Calculate the highest common divisor of 286 and 187.
11
What is the greatest common divisor of 9035 and 117?
13
Calculate the highest common divisor of 487 and 1.
1
What is the highest common divisor of 1530 and 17?
17
What is the greatest common divisor of 3 and 291?
3
Calculate the highest common factor of 551 and 58.
29
What is the highest common factor of 374 and 3910?
34
Calculate the greatest common factor of 80 and 320.
80
What is the greatest common factor of 104 and 2340?
52
Calculate the greatest common factor of 184 and 2162.
46
Calculate the highest common divisor of 56 and 2408.
56
What is the highest common divisor of 26 and 702?
26
What is the greatest common divisor of 8 and 56?
8
What is the greatest common divisor of 1188 and 2332?
44
What is the highest common factor of 65 and 364?
13
What is the greatest common factor of 385 and 63?
7
What is the greatest common factor of 12 and 2607?
3
Calculate the highest common divisor of 94 and 1410.
94
Calculate the highest common divisor of 14654 and 51.
17
What is the greatest common divisor of 259 and 133?
7
Calculate the greatest common divisor of 84 and 462.
42
What is the greatest common divisor of 21 and 217?
7
Calculate the greatest common factor of 3567 and 87.
87
What is the greatest common divisor of 135 and 108?
27
Calculate the highest common factor of 12 and 3387.
3
What is the highest common divisor of 7014 and 714?
42
What is the greatest common divisor of 2603 and 137?
137
What is the highest common factor of 1806 and 2814?
42
What is the greatest common divisor of 106 and 36676?
106
What is the highest common factor of 40 and 490?
10
Calculate the highest common divisor of 51 and 170.
17
Calculate the highest common factor of 160 and 608.
32
Calculate the greatest common divisor of 22 and 506.
22
Calculate the highest common factor of 19 and 1539.
19
What is the greatest common factor of 348 and 1044?
348
What is the highest common divisor of 385 and 275?
55
Calculate the highest common factor of 64 and 5536.
32
What is the greatest common divisor of 122 and 7259?
61
Calculate the highest common divisor of 143 and 104.
13
What is the greatest common factor of 304 and 16?
16
What is the highest common divisor of 78 and 1950?
78
What is the highest common factor of 580 and 3712?
116
What is the greatest common divisor of 53 and 848?
53
What is the greatest common factor of 168 and 5124?
84
What is the highest common factor of 2501 and 61?
61
What is the greatest common factor of 785 and 3454?
157
Calculate the greatest common divisor of 10 and 32.
2
What is the greatest common divisor of 50 and 30?
10
Calculate the highest common divisor of 92 and 16.
4
Calculate the greatest common factor of 399 and 209.
19
What is the highest common factor of 333 and 74?
37
Calculate the highest common divisor of 465 and 1767.
93
Calculate the highest common factor of 38 and 684.
38
Calculate the highest common divisor of 99 and 1991.
11
Calculate the highest common factor of 1442 and 14.
14
Calculate the greatest common divisor of 11 and 187.
11
What is the highest common factor of 172 and 12814?
86
What is the highest common divisor of 8500 and 136?
68
Calculate the greatest common divisor of 138 and 1058.
46
What is the greatest common divisor of 45 and 5?
5
Calculate the greatest common factor of 106 and 7738.
106
What is the highest common factor of 91 and 21?
7
Calculate the greatest common factor of 121 and 99.
11
What is the greatest common factor of 10 and 130?
10
Calculate the highest common divisor of 1072 and 232.
8
What is the highest common factor of 28 an